 5*g = 3*y + 12. What is the units digit of y - (-21 - (-12)/4)?
9
Suppose -3*m + 372 = 3*m. What is the tens digit of (m/4)/(2/4)?
3
Let o(i) = 3*i**2 + 3*i - 3. Suppose -5*w - 13 = -l, w + 2*l - 2 = 3*w. What is the units digit of o(w)?
5
Suppose 10*l + 5 = 5*l. What is the units digit of 7 + l*(-4)/2?
9
Let t be (-6)/27*-21*-3. Let p = t - -26. What is the units digit of p?
2
Let c(a) = a**3 - 7*a**2 - a + 7. Let x be c(7). Suppose 0 = -x*j + j + 3. What is the units digit of 2*14*j/(-12)?
7
Let u(d) = d + 37. What is the units digit of u(11)?
8
What is the hundreds digit of 4/1 - 237/3*-3?
2
Let a(b) = 8*b**2 - 2*b + 4. What is the units digit of a(-3)?
2
Let r(t) = t + 10. Let w be r(-6). Let k(a) be the third derivative of a**6/120 - a**5/15 + a**3/2 - a**2. What is the units digit of k(w)?
3
Suppose 3361 - 535 = 9*g. What is the tens digit of g?
1
Let d = 7 - -1. Let l = d - 6. Suppose -l*w = -w - 3. What is the units digit of w?
3
Let r(l) = l + 9. Let p be r(-9). Let c be p + 3 + 15/5. Suppose -3*h + c*h + 3*z - 51 = 0, 3*h - 41 = 2*z. What is the tens digit of h?
1
Suppose -3*l - s = -16, 0 = 5*l - 5*s - 76 + 16. What is the units digit of l?
7
Suppose 2*j = -0*j + 10. Suppose -j*a = -10*a - 2*n + 41, 4*n - 19 = -a. Let g(h) = h + 1. What is the units digit of g(a)?
8
Suppose 6 = -5*z + 3*o, 5*o - 4 - 6 = z. Suppose z = -5*a + 135 + 70. What is the units digit of a?
1
Suppose 0 = t + 2*t + 6. Let j be 4/(-8)*(t - 0). What is the units digit of (-5)/(j - 2) + 0?
5
Let g(f) = f**3 - f**2 - f + 6. Let a(m) = m**2 - 2*m - 3. Let t be (0 + -1)*1 + 4. Let j be a(t). What is the units digit of g(j)?
6
Suppose -70 + 822 = 8*b. What is the units digit of b?
4
Suppose 3*r - 10 = r. Suppose r*d - 112 = 23. Suppose 5*v - d = 3. What is the units digit of v?
6
Let m(s) = s**2. Let u be (-4)/(((-16)/(-12))/2). What is the units digit of m(u)?
6
Let g = 34 - 17. Suppose 21 = -4*x + 5*l, -3*x + 0*l + 4*l - g = 0. What is the units digit of x?
1
Suppose -4*b + 2*h = -3*h - 279, -h = -5. What is the units digit of b?
6
Let w(l) = l**2 - 8*l + 6. Let t be w(8). Suppose 0 = 3*s - 0 - t. What is the units digit of s?
2
Let b(w) be the second derivative of 3*w**3/2 + 3*w**2 + 2*w. What is the tens digit of b(3)?
3
Let g be (-4)/(-6)*3/2. Let b = 13 + -11. What is the units digit of b - ((g - 2) + 1)?
2
Suppose -o + 35 = 6. What is the units digit of o?
9
Let f(p) = 15*p + 1. Let u be f(-1). Let w be 4/u + 4/14. Suppose w = -2*q + z + 18, z + 1 = -2*q + 11. What is the units digit of q?
7
Let y(v) = v**2 - 7*v + 8. Let r be y(6). Suppose -s = -5 - r. What is the units digit of s?
7
Let m be 4 + (0/(-2) - 1). Let o be (-1 + 0)/(1/(-22)). Suppose -4*f - 5*k + m*k = -o, -2*f = 3*k - 1. What is the units digit of f?
8
What is the units digit of (-50)/4*-4 + 2?
2
Suppose -7*u - 135 = -m - 3*u, 5*m + 3*u - 767 = 0. What is the hundreds digit of m?
1
Let a be 3/(-9) - 903/(-9). Suppose -a = -2*p - 2*p. What is the tens digit of p?
2
Suppose 5*x + 8 = 23. Let b(v) = 3*v**2 + 3*v**3 + 0*v**3 + 2 - 4*v**3 + v + 0*v**2. What is the units digit of b(x)?
5
What is the units digit of 67 + 5 + (1 - 4)?
9
Let o(p) be the third derivative of p**5/60 - p**4/24 + 2*p**3/3 - p**2. Suppose 4*r = -r. What is the units digit of o(r)?
4
Let c be (-3)/(-2) + 1/2. What is the units digit of -6*2*c/(-4)?
6
Let m = 8 + -4. Suppose 0 = q + q - m. Suppose -4*l - l + 34 = 3*t, q*l - 7 = t. What is the units digit of t?
3
Let u = 749 - 409. What is the tens digit of u?
4
Suppose w + 150 = 3*n - 3*w, -5*n - w + 273 = 0. Suppose -2*y = 2*y - 20. Suppose -4*s - n = -5*t, -7 = 3*t + y*s - 32. What is the units digit of t?
0
Suppose 13 = -5*z + 4*n, -1 = n + 2. Let r be (-30)/9*6/z. Suppose -w - 3*w = -r. What is the units digit of w?
1
Let p(n) = n**2 + 9*n + 10. Let g be p(-7). Let t = g - -7. Suppose 34 = t*k - z, k - 3*k - 3*z + 8 = 0. What is the units digit of k?
0
Let y(o) = o**3 - 13*o**2 + 4*o - 15. Suppose 5*b - 7 = 58. What is the units digit of y(b)?
7
Suppose 0*n - 20 = -5*n. What is the units digit of n?
4
Let g be (-6)/(-2) - 96*-1. Suppose -4*z - 2*w = 2*w - 60, 0 = 5*z - w - g. Suppose -5*c = -z - 51. What is the tens digit of c?
1
Suppose 4*i - 4*g = -i - 36, 3*i + 3*g = 0. Let k(z) = z**2 + 2*z - 5. What is the units digit of k(i)?
3
Suppose 3*c - 4*c - 3 = 0. What is the units digit of 2 - (c + (-2)/(-1))?
3
Let n(x) = x**3 - 4*x**2 - 4*x - 2. Let h be n(5). Suppose h*q = q. Suppose 3*o + f + 3 = 6*o, 3*o - 4*f + 6 = q. What is the units digit of o?
2
Let t(l) = -2*l - l**2 + 7*l**2 + l**3 + 2 + l + 3*l. What is the units digit of t(-5)?
7
Let b(l) = -70*l. Let a be b(-1). Suppose 5*n - 5*v - 111 = -11, 3*n - a = v. What is the tens digit of n?
2
Suppose 7*i - 9*i + 376 = 0. What is the tens digit of i?
8
What is the tens digit of 1*2*39/2?
3
Suppose 0 = -u + 3, 4*n = -u + 43. Let c be 1*21/3 + -1. Suppose -n - c = -j. What is the units digit of j?
6
Suppose j + 2*j = 4*i - 401, 4*i - 396 = 4*j. What is the hundreds digit of i?
1
Let t(z) = 16*z + 1. Let f be t(1). Let i = f - 4. What is the units digit of i?
3
Let c(h) = -h**2 - 10*h - 7. Let y be c(-9). Suppose -3*g + y*g + 3 = 0. Suppose 0 = -g*q + 3*d + 7 + 14, -5*q - 5*d - 15 = 0. What is the units digit of q?
2
What is the units digit of (93*12/27)/((-2)/(-6))?
4
Let s = -7 + 15. Suppose 2*w + 32 = 4*j + 4*w, -j = -w - s. Suppose j + 4 = m. What is the units digit of m?
2
Let p be (-1)/1 + 1*4. Suppose -3*k + 17 = 4*o + 2*k, 0 = -p*o + 5*k + 4. Suppose -o*v + 0 + 15 = 0. What is the units digit of v?
5
Let g(c) = -c**2 + 8*c + 2. Let o be g(8). Let w(d) = 2 + 4*d - d**o + 2 - 2*d. What is the units digit of w(3)?
1
Suppose 0 = 2*k - 2*i + 2, -5*i + 5 = -2*k - 2*k. Suppose 4*n - 3*v - 87 = 2*v, 2*n - 4*v - 48 = k. What is the units digit of n?
8
Suppose -d + 18 = 3*c + 2*d, 24 = 4*c - 4*d. Suppose -c + 22 = a. What is the units digit of a?
6
Let m(v) be the second derivative of 5*v**3/6 + v**2/2 + 4*v. What is the units digit of m(1)?
6
Let u(d) = -d**2 - 8*d - 2. Let c(k) = -2*k - 3. Let b be c(-3). Let p be (5 - 9)*b/2. What is the tens digit of u(p)?
1
Let l be (-3*1)/((-6)/8). Suppose -l + 1 = 3*z, o - 4*z - 14 = 0. What is the units digit of o?
0
Let s = -41 + 68. What is the units digit of 90/s*15/2?
5
Suppose 51 = -2*p + 367. What is the units digit of p?
8
Suppose -3*s - r + 99 = 0, -5*r = 3*s + 2*s - 175. What is the units digit of s?
2
Suppose 4*w - 5*w + 1 = 0, -163 = -4*b + 5*w. What is the units digit of b?
2
Let q(b) be the first derivative of -b**3/3 + 7*b**2/2 - 5*b - 3. What is the units digit of q(5)?
5
Let z(f) = 2*f**3 + 3*f**2 + 4*f + 2. Let s be z(-2). Let r = -7 - s. Suppose -4*b + 4*x + 32 = b, 2*b - r*x - 17 = 0. What is the units digit of b?
4
Let h(v) = -v**2 - v. Let a be h(0). Let i(s) = s + 19. What is the units digit of i(a)?
9
Let w be (-6)/4*(7 + -11). Let d = 63 - w. What is the tens digit of d?
5
Suppose -4*t + t = -3*c + 69, -4*t = 16. Let b = c + -12. What is the units digit of b?
7
Suppose -5*t + 59 = -0*i - i, 5*t = 2*i + 63. Let o = t + -7. Suppose -5*s = -o*s - 5. What is the units digit of s?
5
Let s(l) = 3 - l**2 - 2 - 5*l + 0*l + 0*l**2. What is the units digit of s(-5)?
1
Let u(x) = -2*x - 6. Let y be u(-4). Suppose 6 + 0 = y*w. What is the units digit of w?
3
Suppose -47 = 2*a + q, 6 = -5*q - 9. Let s = 0 - a. What is the tens digit of s?
2
Let d be 2 + -1 + 83 + -2. Let l = d - 59. What is the units digit of l?
3
Let j(v) = 3*v - 5. Let t be j(3). Let i = 4 - 1. Suppose -g + 5*z = -27, t*g + 2*z - 39 = i. What is the units digit of g?
2
What is the units digit of -187*(-1)/(-2)*-2?
7
Let p(r) = -r - 5. Let b be p(-5). Suppose 5*a + 0*u - 3*u - 80 = b, -3*a - 2*u = -67. Suppose g = 3*d - 7, 5*g + 2*d + d - a = 0. What is the units digit of g?
2
Suppose 0 = n + 2*p - 175 + 44, -2*p = -4*n + 544. What is the tens digit of n?
3
Suppose -2*o = -5*o, 3*w = 4*o + 99. What is the tens digit of w?
3
Suppose c - 5 = 7. Suppose 0*y = -3*t - 2*y + c, y = 0. What is the units digit of t?
4
Suppose -4*c - 13 = -5. Suppose -8 = -w + 5*w. What is the units digit of 5/5 + c/w?
2
Suppose -7*v = -11*v + 60. What is the units digit of v?
5
Let j(w) = w**2 - w. Let g be j(2). Let u be -1